{"id":26,"date":"2017-05-23T18:36:22","date_gmt":"2017-05-23T18:36:22","guid":{"rendered":"http:\/\/www.drahelenandrade.clwordpress\/?page_id=26"},"modified":"2025-01-14T18:34:19","modified_gmt":"2025-01-14T18:34:19","slug":"neurologia","status":"publish","type":"page","link":"https:\/\/www.drahelenandrade.cl\/?page_id=26","title":{"rendered":"Neurolog\u00eda"},"content":{"rendered":"<h1 style=\"text-align: center;\">\u00bfQue es la Neurolog\u00eda?<\/h1>\n<h1><img loading=\"lazy\" class=\"aligncenter wp-image-73 size-full\" src=\"https:\/\/www.drahelenandrade.cl\/wp-content\/uploads\/2017\/05\/shutterstock_118491940.jpg\" alt=\"\" width=\"2048\" height=\"1372\" srcset=\"https:\/\/www.drahelenandrade.cl\/wp-content\/uploads\/2017\/05\/shutterstock_118491940.jpg 2048w, https:\/\/www.drahelenandrade.cl\/wp-content\/uploads\/2017\/05\/shutterstock_118491940-300x201.jpg 300w, https:\/\/www.drahelenandrade.cl\/wp-content\/uploads\/2017\/05\/shutterstock_118491940-768x515.jpg 768w, https:\/\/www.drahelenandrade.cl\/wp-content\/uploads\/2017\/05\/shutterstock_118491940-1024x686.jpg 1024w\" sizes=\"(max-width: 2048px) 100vw, 2048px\" \/><\/h1>\n<p align=\"justify\">La Neurolog\u00eda en una rama de la medicina, que estudia el sistema nervioso.<\/p>\n<p align=\"justify\">Para la aproximaci\u00f3n a un adecuado diagnostico, se debe tener una adecuada historia cl\u00ednica y completo examen f\u00edsico, mediante el cual tendremos una alta posibilidad de encontrar el origen de la enfermedad.<\/p>\n<h3 align=\"justify\"><strong>Cuando visitar al neur\u00f3logo o causas de visita frecuente:<\/strong><\/h3>\n<p align=\"justify\">&#8211; Dolores de cabeza, sensaci\u00f3n de opresi\u00f3n en varias \u00e1reas de la cabeza, en ocasiones de presentaci\u00f3n espor\u00e1dica y en otras ocasiones de presentaci\u00f3n diaria.<\/p>\n<p align=\"justify\">&#8211; Sensaci\u00f3n de inestabilidad o mareo con cambios de posici\u00f3n de la cabeza, lo que se conoce como v\u00e9rtigo.<\/p>\n<p align=\"justify\">&#8211; Adormecimiento en ciertas partes del cuerpo, en ocasiones mitad del cuerpo o en regiones especificas como cara, manos, piernas, etc.<\/p>\n<p align=\"justify\">&#8211; Temblor en manos, que podr\u00eda ser el inicio de una enfermedad conocida como Parkinson, o simplemente ser un temblor esencial.<\/p>\n<p align=\"justify\">&#8211; Trastornos de memoria, inicio de olvidos o incapacidad para recordar o para el aprendizaje.<\/p>\n<p align=\"justify\">&#8211; Trastornos del sue\u00f1o, dificultad para iniciar o mantener una buena calidad de descanso.<\/p>\n<p align=\"justify\">&#8211; Problemas de atenci\u00f3n, falta en la capacidad de concentraci\u00f3n.<\/p>\n<p align=\"justify\">&#8211; Perdida de fuerza de presentaci\u00f3n s\u00fabita o paulatina.<\/p>\n","protected":false},"excerpt":{"rendered":"<p>\u00bfQue es la Neurolog\u00eda? La Neurolog\u00eda en una rama de la medicina, que estudia el sistema nervioso. Para la aproximaci\u00f3n a un adecuado diagnostico, se debe tener una adecuada historia cl\u00ednica y completo examen f\u00edsico, mediante el cual tendremos una alta posibilidad de encontrar el origen de la enfermedad. Cuando visitar al neur\u00f3logo o causas [&hellip;]<\/p>\n","protected":false},"author":1,"featured_media":73,"parent":0,"menu_order":0,"comment_status":"closed","ping_status":"closed","template":"","meta":[],"_links":{"self":[{"href":"https:\/\/www.drahelenandrade.cl\/index.php?rest_route=\/wp\/v2\/pages\/26"}],"collection":[{"href":"https:\/\/www.drahelenandrade.cl\/index.php?rest_route=\/wp\/v2\/pages"}],"about":[{"href":"https:\/\/www.drahelenandrade.cl\/index.php?rest_route=\/wp\/v2\/types\/page"}],"author":[{"embeddable":true,"href":"https:\/\/www.drahelenandrade.cl\/index.php?rest_route=\/wp\/v2\/users\/1"}],"replies":[{"embeddable":true,"href":"https:\/\/www.drahelenandrade.cl\/index.php?rest_route=%2Fwp%2Fv2%2Fcomments&post=26"}],"version-history":[{"count":2,"href":"https:\/\/www.drahelenandrade.cl\/index.php?rest_route=\/wp\/v2\/pages\/26\/revisions"}],"predecessor-version":[{"id":76,"href":"https:\/\/www.drahelenandrade.cl\/index.php?rest_route=\/wp\/v2\/pages\/26\/revisions\/76"}],"wp:featuredmedia":[{"embeddable":true,"href":"https:\/\/www.drahelenandrade.cl\/index.php?rest_route=\/wp\/v2\/media\/73"}],"wp:attachment":[{"href":"https:\/\/www.drahelenandrade.cl\/index.php?rest_route=%2Fwp%2Fv2%2Fmedia&parent=26"}],"curies":[{"name":"wp","href":"https:\/\/api.w.org\/{rel}","templated":true}]}}

Neurología

<h1 style="text-align: center;">¿Que es la Neurología?</h1>
<h1><img loading="lazy" class="aligncenter wp-image-73 size-full" src="https://www.drahelenandrade.cl/wp-content/uploads/2017/05/shutterstock_118491940.jpg" alt="" width="2048" height="1372" srcset="https://www.drahelenandrade.cl/wp-content/uploads/2017/05/shutterstock_118491940.jpg 2048w, https://www.drahelenandrade.cl/wp-content/uploads/2017/05/shutterstock_118491940-300x201.jpg 300w, https://www.drahelenandrade.cl/wp-content/uploads/2017/05/shutterstock_118491940-768x515.jpg 768w, https://www.drahelenandrade.cl/wp-content/uploads/2017/05/shutterstock_118491940-1024x686.jpg 1024w" sizes="(max-width: 2048px) 100vw, 2048px" /></h1>
<p align="justify">La Neurología en una rama de la medicina, que estudia el sistema nervioso.</p>
<p align="justify">Para la aproximación a un adecuado diagnostico, se debe tener una adecuada historia clínica y completo examen físico, mediante el cual tendremos una alta posibilidad de encontrar el origen de la enfermedad.</p>
<h3 align="justify"><strong>Cuando visitar al neurólogo o causas de visita frecuente:</strong></h3>
<p align="justify">&#8211; Dolores de cabeza, sensación de opresión en varias áreas de la cabeza, en ocasiones de presentación esporádica y en otras ocasiones de presentación diaria.</p>
<p align="justify">&#8211; Sensación de inestabilidad o mareo con cambios de posición de la cabeza, lo que se conoce como vértigo.</p>
<p align="justify">&#8211; Adormecimiento en ciertas partes del cuerpo, en ocasiones mitad del cuerpo o en regiones especificas como cara, manos, piernas, etc.</p>
<p align="justify">&#8211; Temblor en manos, que podría ser el inicio de una enfermedad conocida como Parkinson, o simplemente ser un temblor esencial.</p>
<p align="justify">&#8211; Trastornos de memoria, inicio de olvidos o incapacidad para recordar o para el aprendizaje.</p>
<p align="justify">&#8211; Trastornos del sueño, dificultad para iniciar o mantener una buena calidad de descanso.</p>
<p align="justify">&#8211; Problemas de atención, falta en la capacidad de concentración.</p>
<p align="justify">&#8211; Perdida de fuerza de presentación súbita o paulatina.</p>

<p>¿Que es la Neurología? La Neurología en una rama de la medicina, que estudia el sistema nervioso. Para la aproximación a un adecuado diagnostico, se debe tener una adecuada historia clínica y completo examen físico, mediante el cual tendremos una alta posibilidad de encontrar el origen de la enfermedad. Cuando visitar al neurólogo o causas [&hellip;]</p>
